pose 0 = 5*s - 4*u + 65, s - 5*u = 2 - 15. Let l = 72 + -79. Let g = l - s. What is the units digit of g?
6
Let j = 105 + -115. What is the tens digit of (120/j)/(6/(-40))?
8
Let x(z) = -16 + 0 + 4 + 8*z + 9 - 1. Let w be (-1)/3 - 13/(-3). What is the tens digit of x(w)?
2
What is the units digit of (13 + 454)*20/5?
8
Let z = 11940 + -6655. What is the hundreds digit of z?
2
Suppose -5*r + 320 = -f, -f - 2*f = -3*r + 204. What is the units digit of r?
3
Suppose -5 - 3 = 4*f - 4*j, -3*f = 5*j - 34. Suppose -f + 5 = -q. What is the tens digit of q*3/(12/(-58))?
2
Let m(a) = 2*a - 10. Let i be m(14). Let x(n) = 2*n - 34. Let d be x(i). Let f(o) = 2*o**2 - o + 4. What is the tens digit of f(d)?
1
Let l = 78 - 31. Suppose -3 = -5*u + l. Suppose 2*q = 4*g - 8, 5*g - 5*q - u = -q. What is the units digit of g?
2
Suppose q = -4 - 3. Let y be ((-4)/(-7))/((-2)/q). Suppose -88 = -5*n + y. What is the tens digit of n?
1
Suppose 5*z = 4*z + 70. Let r = z - 14. What is the tens digit of r?
5
Suppose 0*x = -3*x + 3*q + 24, -x - 5*q = 10. Suppose 0 = x*c - 3*k - 431, -c + 51 = 2*k - 30. What is the units digit of c?
5
Suppose 4*r = p + 6244, -2*r - 9*p = -7*p - 3132. What is the hundreds digit of r?
5
Let r(t) = -t**2 - 39*t - 28 + 108*t - 55*t. What is the units digit of r(9)?
7
Let r(q) = 35*q + 4. Let g be r(1). Let w = g - 27. Suppose w*n - 9 = 9*n. What is the units digit of n?
3
Let u be 15/(-10)*-24 + (-2)/(-2). Let a = -31 + u. What is the units digit of a?
6
Suppose -13 = 3*c - 4*n, -4*c + 2*c - 47 = 5*n. Let y = c - -10. What is the units digit of (2 + y)/(4/68)?
7
Suppose 8*q - 7560 = 4*q + 4*i, i = -5*q + 9462. What is the tens digit of q?
9
Suppose 4*b - 64 - 156 = 0. What is the units digit of b + 1 - 0 - (6 - 8)?
8
Let w(o) = 11*o + 292. What is the hundreds digit of w(10)?
4
What is the tens digit of 70*(6 - (-624)/42)?
6
Let r(v) = -89*v**3 + v**2 - v. Let j be (-2)/6*(1 - -2). What is the units digit of r(j)?
1
Let l = 119 - 83. Let o = l - -42. What is the units digit of o?
8
Suppose -5*x = -79 - 86. What is the units digit of (x/(-2))/(12/(-96))?
2
Let f = -39 - -408. What is the tens digit of f?
6
Let c = 1 + 4. Suppose -c*t = 3*f - 483, -2*t - 5*f - 91 = -3*t. Suppose 0 = s + 2*s - t. What is the tens digit of s?
3
Let v be (-4)/(-12)*-3 - -7. Suppose -v*u + 13*u = 413. What is the units digit of u?
9
Let c(q) = -6*q - 10. Let n be 2 + (3 + -23)/(-4). Let y(l) = -l**2 + 8*l - 11. Let j be y(n). What is the units digit of c(j)?
4
Let m(k) = -6*k**3 + k**2 - k - 5. Let b(l) = 30*l**3 - 5*l**2 + 6*l + 26. Let q(g) = 2*b(g) + 11*m(g). What is the units digit of q(-2)?
7
Let u(r) = r**3 + 11*r**2 + r - 1. Suppose 2*l + 6 = -2*i, -26 - 22 = 4*i - 5*l. What is the tens digit of u(i)?
8
Let s = 24 + -63. Let o be (-8)/((-72)/s - 2). Suppose 3*v - o = v. What is the units digit of v?
6
Let b(y) = -43*y + 187. What is the hundreds digit of b(-6)?
4
Let k = 49 + -53. Let i(n) = -58*n - 65. What is the tens digit of i(k)?
6
Suppose 4863 = 6*v - 7173. What is the units digit of v?
6
Suppose -2*c - 12 + 0 = 0. Let n = -9 - c. What is the units digit of (4/(-12) + -2)*n?
7
Let j = -10 + 12. Suppose -j*q + 6*q = -32. Let l(o) = o**3 + 10*o**2 + 11*o - 3. What is the tens digit of l(q)?
3
Let x = 413 + -345. What is the units digit of x?
8
Suppose 2*q = 2*p + 1750, 0 = 4*q - 3*p + 1048 - 4547. What is the units digit of q?
4
Let i = 275 + 217. What is the tens digit of i?
9
Suppose 4*g - 45 = 5*p, -2*g + 5*p + 50 = 3*g. Suppose -g*k = 7*h - 12*h - 90, h = 5. What is the tens digit of k?
2
Suppose v - 180 = 5*v. Let u = v + 97. What is the tens digit of u?
5
Let f = 3559 - 2451. What is the thousands digit of f?
1
Suppose -5 = 5*w, h = -4*w + 37 + 211. Let a = h - 179. What is the units digit of a?
3
What is the hundreds digit of (828/8 - -5)/(1/2)?
2
Suppose 0 = -i - k - 249, 2*i + 0*k + 488 = 3*k. Let s = i + 393. What is the hundreds digit of s?
1
Let y = -40 + 40. Suppose 582 = -y*r + 6*r. What is the tens digit of r?
9
Let c be 12/24 - (-14)/(-8)*-2. Suppose -3*l + 4*x = -29 + 11, -4*x = -2*l + 16. Suppose 11 = h - 5*u, -l*h + 18 = -5*u - c. What is the units digit of h?
1
Let v = 234 - 406. Let k = v - -401. What is the hundreds digit of k?
2
Let x be (5 + -6)*(-2 + 15). Let t = 57 + x. What is the units digit of t?
4
Let s(m) = -16*m**3 - 36*m**2 - 2*m + 49. What is the hundreds digit of s(-8)?
9
Let p(q) = 22*q + 17*q - 8 + 15. What is the hundreds digit of p(7)?
2
Let y = -10 + 10. Suppose y = 5*w - 0*w - 35. Suppose -6*v + w*v = 33. What is the tens digit of v?
3
Let d(b) = 165*b**2 - 8*b + 1. What is the hundreds digit of d(-1)?
1
Let f(w) be the third derivative of -w**5/60 + 5*w**4/12 - 3*w**3/2 - 3*w**2. What is the units digit of f(6)?
5
Let l = 16 - 14. Suppose -2*q = l*q - 12. Suppose -x - 5 + 1 = 0, -q*s + 4*x + 58 = 0. What is the units digit of s?
4
What is the thousands digit of 9/((1/(-5))/((-3756)/90))?
1
What is the hundreds digit of 3 + (-4 - -2 - -192)?
1
Suppose 4*l - 3*d - 1860 = 0, -3*d = -0*l + l - 450. What is the hundreds digit of l?
4
Let m be ((-4)/6)/(10/(-45)). Suppose -7 - 35 = -m*d. What is the tens digit of d?
1
Let i(d) = 13*d + 1. Let a = 12 + -11. Let y be i(a). What is the units digit of 5/((-54)/y - -4)?
5
Let j(u) = 2*u**3 - 14*u**2 + 25*u. Let g(a) = -a**3. Let r(h) = 3*g(h) + j(h). What is the units digit of r(-16)?
2
Suppose 65*p - 74*p = -27. Let q be ((-3)/(-4))/(1/4). Suppose 12 = 3*v, -q*v = -2*s - p*s + 198. What is the tens digit of s?
4
Let p = -25 - -15. What is the tens digit of (p/2)/5 + 116?
1
Let a(t) = 7*t**3 - t**2 + t - 2. Let q be a(2). Let d = q + -24. Suppose -12 = -8*s + d. What is the units digit of s?
5
Let y = 10146 + -6013. What is the tens digit of y?
3
Let v(m) = m**3 + 25*m**2 - 93*m - 20. What is the tens digit of v(-22)?
7
Let h be (15 - 11)*(-2)/4. Let c = h + 5. What is the units digit of c?
3
Suppose 4*w + 16 = 0, 3*o = -2*w - 3*w + 454. What is the hundreds digit of o?
1
Let f(v) = -v**3 + 7*v**2 + 7*v + 12. Let s be f(8). Suppose -817 = -s*j + 171. What is the hundreds digit of j?
2
Let g = 452 - 389. What is the units digit of g?
3
Suppose 4*y + 7 = 31. Suppose -2*o + 206 = y*p - 3*p, -2*p + o + 149 = 0. Suppose 0 = -3*n + 6*r - r + p, -3*r - 24 = -n. What is the units digit of n?
4
What is the units digit of 2668/5 - 4/(-10)?
4
Suppose -2*o + 3*k = 5, 4*k = 9*o - 4*o + 2. What is the units digit of (376 - o)/(-1*(-4 - -2))?
7
Let b(h) = 5*h**2 + 32*h - 189. What is the units digit of b(12)?
5
Let m(w) = 4*w**2 + 29*w + 7. What is the units digit of m(5)?
2
Let v be 0 - (-8 - 6/2). What is the tens digit of (v/4)/((-3)/(-72))?
6
Let l = 2554 - 1015. What is the tens digit of l?
3
Suppose -k - 41 = 5*l, -k - 2*l + 130 = -3*k. Let s = k - -99. What is the tens digit of s?
3
Let g(j) = j**2 + 4*j. Let m be g(-5). Suppose -3*v - 11 - m = 5*w, 0 = -v - 4*w - 3. Let o(r) = -r**3 - 7*r**2 - 4*r + 4. What is the tens digit of o(v)?
3
Let y(a) be the second derivative of -a**5/20 + a**4/2 + a**3/6 + a**2 + 12*a. What is the units digit of y(6)?
8
Let w(p) = 30*p**2 - 6*p + 2. Let v be w(2). Let l = v + -60. What is the units digit of l?
0
Let w(l) = l**2 + 11*l + 23. Let z be w(-9). Suppose -3*q - 5*k = -k - 14, 0 = -3*q + z*k - 4. What is the units digit of q?
2
Let k(x) = x**2 - 13*x - 9. Let o be k(14). Suppose -3*g = 4*s, -2*s = -4*s + o*g. Suppose 0*d - d + 32 = s. What is the tens digit of d?
3
Let v(b) = -b**3 + 9*b**2 - 14*b + 2. Let d be v(7). Suppose -5*j + d*j + 165 = 0. What is the tens digit of j?
5
Let c be (14/6 + -3)*27/(-2). Suppose 0 = -11*z + c*z + 20. What is the units digit of z?
0
What is the hundreds digit of 12/8*(-6)/(-9)*1358?
3
Suppose 4*x = x + 9. Let m be (-16)/12*(-18)/x. Let j(r) = r**2 - 3*r + 4. What is the units digit of j(m)?
4
Let y(b) = 6*b**2 - 1. Let i = 5 + 10. Suppose 2*d = -5*r + 7 + i, 3*d - r = -1. What is the units digit of y(d)?
5
Suppose -4*f + 585 = -2*f - 5*i, 0 = -2*f - 4*i + 630. What is the units digit of f?
5
Let h(r) = -8*r**2 + 16*r - 32. Let d(k) = 7*k**2 - 16*k + 29. Let f(j) = -7*d(j) - 6*h(j). Let l = 12 - -1. What is the tens digit of f(l)?
2
Suppose k - 31 = -15. Let b = 56 + -38. Suppose -k = -h + 3*m, 0 = 2*h - 3*m 